2 - 3*h - 5. Let z be p(5). Let w be (5 - 6)*(9 + -139). Let l = w + z. Calculate the remainder when l is divided by 17.
16
Suppose -1500 = -67*k + 3793. What is the remainder when 422 is divided by k?
27
Let g(c) be the third derivative of -c**5/60 - 3*c**4/4 - 25*c**3/6 - 9*c**2 - 2. What is the remainder when 26 is divided by g(-15)?
6
Let v(a) = -2 - 6*a**2 + 4 + 5*a + 1 - a**3 + 6. What is the remainder when ((-9)/2)/((-792)/(-160) - 5) is divided by v(-7)?
21
Suppose 3*w - 2*r - 143 - 27 = 0, w - 68 = -5*r. Let v = w + 20. Suppose 2*j = -4*f + v, 5*f - j - 115 = -0*f. What is the remainder when 43 is divided by f?
21
Suppose 5*c - o = 228, 16 + 208 = 5*c - 3*o. What is the remainder when 348 is divided by c?
26
Let x(p) = -p**3 + 60*p**2 + 7935*p + 89. Let u(n) = 4*n**2 + 3*n + 3. What is the remainder when x(-64) is divided by u(-2)?
10
Suppose -2*s + 613 = -q - 430, -3*q + 2635 = 5*s. What is the remainder when (s/(-10))/(((-24)/(-5))/(-12)) is divided by 46?
39
Let f be (-4)/(-3)*(3 + 10 - 4). Suppose 14*q - f = 12*q. What is the remainder when (8 - 23)*(2 + (-32)/q) is divided by 13?
11
Let b = -1539 - -1544. Let m(w) = 16*w - 1. What is the remainder when m(2) is divided by b?
1
Let k(t) = -578*t + 2356. What is the remainder when 566 is divided by k(4)?
38
Let l(z) = z**2 - 4*z - 3. Let u = 11 + 0. What is the remainder when l(u) is divided by 3/(585/190 + (-12)/4)?
36
Suppose -4*o + 1850 = -2*i, 0 = -76*o + 77*o - 2*i - 455. What is the remainder when o is divided by 71?
39
Let o(f) = 438*f - 44219. Suppose i = -4*c + 63, -3*i - 2*c + 70 = -69. Calculate the remainder when i is divided by o(101).
5
Suppose 3*p = -2*y + 1268, 3*y + 7*p - 3*p - 1900 = 0. Let d = 848 - y. Calculate the remainder when d is divided by 38.
30
Suppose -16*y - 504 = -37*y. Suppose 21*a - y*a = -63. What is the remainder when 143 + 2*(-1)/(-2) is divided by a?
18
Let n(m) = 212*m - 1046. What is the remainder when 2039 is divided by n(5)?
9
Let a(b) = -3*b**3 - 106*b**2 - 38*b - 47. What is the remainder when 506 is divided by a(-35)?
42
Let q(x) = -286*x + 202*x + 181*x + 49. What is the remainder when q(2) is divided by 61?
60
Suppose 2*t - 4*z - 14 = 0, -280*t - 4 = -281*t + 3*z. Let p = 4 - 11. Let u(d) = -7*d - 4. What is the remainder when u(p) is divided by t?
6
Let c(s) = 67*s + 1077. Let u = 14 + -8. Calculate the remainder when u is divided by c(-16).
1
Let x be 1983/15 + 4/5. Suppose 2*l = 9*l - x. Calculate the remainder when (-1)/(-3)*(9 + 150) is divided by l.
15
Suppose 0 = j + j - 2*m - 14, 5*m + 29 = 3*j. Suppose 1845 = -j*v - 3*x, -v + 214 - 829 = -4*x. What is the remainder when 47 is divided by v/(-45) - 4/6?
8
Let s(j) = 10*j**2 + 5*j + 2. Suppose -3150*i + 16601 + 63184 = -195*i. Calculate the remainder when s(-4) is divided by i.
7
Suppose -11*y + 10*y = -3*q + 2880, -2*q - y = -1925. Let j = q - 315. Calculate the remainder when j is divided by 108.
106
Suppose 5*g = -5, 143*i - 147*i = -5*g - 53. Calculate the remainder when i is divided by 3.
0
Suppose 0 = 143*p + 45412 - 90487 - 62461. What is the remainder when p is divided by 96?
80
Suppose -v + 2*v = 13. Suppose 37*g + 5*f - 9 = 35*g, 0 = -5*f + 5. Suppose -g*b = -3*b + 46. Calculate the remainder when b is divided by v.
7
Let w = 13273 + -11909. What is the remainder when w is divided by 27?
14
Suppose -223 - 101 = -12*m. Suppose -2*t + 5*q - 17 = 0, -t + 3*t - 3*q + 11 = 0. What is the remainder when m is divided by 1/(t/(-18)) + -2?
11
Let i be 1095/(-25)*(-50)/30. Let r(a) = a**2 + 12*a + 8. Let h be r(-8). Let z = i + h. What is the remainder when z is divided by 10?
9
Calculate the remainder when 9535 is divided by (-21 - -6) + 10 + 22.
15
Let u(f) = 2*f - 5. Let d be u(5). Calculate the remainder when 13 + -1*(2 - d) is divided by (-12)/2*(-2)/2.
4
Let p(k) = k**3 + 5*k**2 - 11*k + 29. Let d be p(-9). What is the remainder when (-90)/(-7) + 168/d is divided by 5?
2
Let w(y) = y**3 - 15*y**2 + 103*y + 2. What is the remainder when w(6) is divided by 19?
11
Suppose 128*r - 126*r = 64. Calculate the remainder when 13/208 + 3966/r is divided by 5.
4
Let y = 3775 + -2969. What is the remainder when y is divided by 37?
29
Let p(o) = -o**3 - 25*o**2 + 25*o - 21. Let a be p(-26). Suppose 0 = -a*h + 15 + 10. What is the remainder when 11 is divided by h?
1
Suppose -4*x - 8989*c = -8986*c - 1496, 336 = x - 4*c. What is the remainder when x is divided by 37?
35
Let u = 49583 + -46083. What is the remainder when u is divided by 48?
44
Suppose i - 305 = 4*h, 4*i + 4*h = 313 + 907. Suppose 126*q = 131*q - i. What is the remainder when q is divided by 16?
13
Let n(s) = 9*s - 43. Let v(i) = 2*i - 1. Let k(w) = n(w) - 3*v(w). Calculate the remainder when 134 is divided by k(16).
6
Let g(k) = 5*k**2 - 25*k - 2. Suppose 2*u - 5 - 9 = 0. Calculate the remainder when g(u) is divided by 10.
8
Let r(b) = -7*b. Let p be r(3). Suppose 0 = 4*v - 28 + 36. What is the remainder when 54 is divided by (-24)/(-9)*p/v?
26
Suppose 2*f = -2, -5*f = 5*m - 4756 - 1529. What is the remainder when m is divided by 175?
33
Let v(m) = m**2 - m - 18. Let o be v(-4). Suppose k + o*i = 26, 2*k = 2*i + 3*i + 43. What is the remainder when k is divided by 7?
3
Let s(t) = -t + 11. Suppose 3*k - 68*u = -65*u + 270, 0 = 5*k + 18*u - 864. What is the remainder when k is divided by s(0)?
9
Calculate the remainder when 14218 is divided by 23/(-46) + (-74)/(-4).
16
Suppose 2*o - 25 = -3*o, j - 4*o + 3 = 0. Let l = -14 + j. Suppose 4*h + l*v = 232, 7*h + 4*v = 5*h + 116. What is the remainder when h is divided by 12?
10
Let p be 10494*(-2 - 15/(-6)). Suppose -33 + p = 11*d. Calculate the remainder when -3 + d/3 - -1 is divided by 40.
36
Let m(q) = -218*q - 18278. Let j(k) = -51*k + 1. What is the remainder when j(-3) is divided by m(-84)?
18
Suppose 238*s = 264*s - 1768. What is the remainder when 2310 is divided by s?
66
Suppose -r + 14 = -11. Let n(y) = y**2 - 23*y - 22. Calculate the remainder when 83 is divided by n(r).
27
Let f(g) = -g**3 + 30*g**2 - 2*g + 58. Let o be f(30). Calculate the remainder when 296 is divided by (1980/462)/(o/(-14)).
26
Suppose 20*g = 31*g - 4554. Suppose -33*z + 24*z + g = 0. Calculate the remainder when 70 is divided by z.
24
Let q be 486/(-108)*-1*2/(-3). Let n be (2 + -3)/((-1)/(-7)). What is the remainder when 116 is divided by q/(126/119)*(n + 1)?
14
Let g = 21 - -37. Let z = 62 + g. What is the remainder when z is divided by 32?
24
Suppose 0 = -2*u - 10 + 14. Suppose -b + 50 = u*t, 3*t + 3*b = 2*b + 77. Calculate the remainder when 377 is divided by t.
26
Let u(i) = i**3 - 37*i**2 - 155*i - 27. Calculate the remainder when u(41) is divided by 315.
27
Let n(o) = 4*o**2 - 8*o + 4. Let l be n(2). Calculate the remainder when (-7)/42*-249 + 2/l is divided by 23.
19
Let b = 587 + -1271. Suppose h = 5, 2*u - u - 5*h = 4. Calculate the remainder when 0 + 5/((-30)/b) is divided by u.
27
Suppose 0 = 4*p + 1 - 13. Let d be 3/9 + 2/p + 1. Calculate the remainder when (-1)/(3/(-288)) - (d + -3) is divided by 20.
17
Suppose -720*a = -717*a + 5*o - 1871, -a + 4*o = -601. What is the remainder when a is divided by 23?
19
Let o = 45 + -43. Let l be o/(((-24)/9)/(-4)) + 2. Suppose 3*p - 151 = 2*r, 5*p - 163 = p - l*r. Calculate the remainder when 138 is divided by p.
44
Let a(f) = 8*f - 137. Let o be a(18). Suppose -z - 6 + 99 = 0. Calculate the remainder when z is divided by 21 - (126/o)/2.
9
Let d(o) = o + 27. Suppose -469*t = -431*t - 2926. Calculate the remainder when t is divided by d(0).
23
Let q(i) = 5*i**2 + 45*i. What is the remainder when 1489 is divided by q(1)?
39
Let b = 51 + -44. What is the remainder when 3 - (-31 + 5) - 5 is divided by b?
3
Let h be (-666)/(-10) + -1 + 2/5. Suppose h = 6*i - 0*i. What is the remainder when 2/(-9) + (-2630)/(-90) is divided by i?
7
Suppose -2*x = -4*m + 222, -5*x - 481 = -5*m + 94. Let r = 135 + x. Calculate the remainder when 159 is divided by r.
15
Suppose -5*q - 818 = 3*k - 1293, -2*k = -3*q + 285. Calculate the remainder when 365 is divided by q.
80
Let n(t) = t**3 - 2*t**2 - 3*t + 9. Let f be n(3). Calculate the remainder when 2 + -2 + (f - -38) is divided by 13.
8
Let i = -28531 + 29697. Calculate the remainder when i is divided by 23.
16
Let